etermine y(14).
-5
Let j(m) = -19*m**2 - 46*m + 272. Calculate j(-6).
-136
Let i(j) = 2*j**3 - 79*j**2 - 362*j + 12893. What is i(40)?
13
Let n(m) = -174*m**2 - 385*m - 1931. Give n(-5).
-4356
Let y(p) = 3857*p - 22954. Determine y(6).
188
Let r(c) = -2*c**2 + 1222*c - 84950. What is r(80)?
10
Let x(p) = 4*p**3 + 76*p**2 - 5*p - 3. What is x(-19)?
92
Let o(q) = -38938*q - 622979. Give o(-16).
29
Let o(x) = 1065130*x - 3195388. Determine o(3).
2
Let b(y) = -163*y**3 - 9*y**2 + 72*y - 101. Calculate b(2).
-1297
Let p(x) = -8032*x - 176595. Determine p(-22).
109
Let d(x) = 46*x**2 - 335*x - 1242. Determine d(10).
8
Let f(v) = -189*v + 1511. What is f(0)?
1511
Let h(x) = 163*x**3 - 2*x**2 - 16*x + 29. Give h(2).
1293
Let z(h) = h**2 + 452*h - 109540. Give z(175).
185
Let d(p) = 848*p - 231. Calculate d(1).
617
Let b(u) = 2179*u**2 - 216*u + 1. What is b(-1)?
2396
Let n(k) = -124*k**2 + 590*k - 338. What is n(4)?
38
Let t(d) = 57962*d + 522516. What is t(-9)?
858
Let p(m) = -165*m**3 + 4619*m**2 + 21*m + 218. Determine p(28).
22
Let q(f) = f**3 + 1034*f**2 - 38*f + 7. Calculate q(0).
7
Let j(p) = 31*p**2 - 200*p - 925. Determine j(10).
175
Let s(d) = -d**3 - 33*d**2 - 896*d - 16185. Give s(-24).
135
Let r(w) = 9*w**3 + 8*w**2 + 34*w + 18. Give r(-5).
-1077
Let n(q) = -51*q**2 - 31*q - 85. Give n(-3).
-451
Let m(r) = -4*r**3 + 143*r**2 + 21*r + 390. Calculate m(36).
-150
Let y(i) = 104*i**2 - 93*i - 51. Determine y(0).
-51
Let m(z) = 9234*z - 101514. Determine m(11).
60
Let o(v) = -v**2 + 2034*v + 10199. Give o(-5).
4
Let n(h) = -17*h**2 - 5*h - 88. Determine n(-11).
-2090
Let w(p) = 4854*p + 9638. Determine w(-2).
-70
Let z(u) = -35*u**2 + 12551*u + 17620. Determine z(360).
-20
Let j(x) = -18*x**2 - 193*x + 1748. Determine j(9).
-1447
Let a(x) = 89407*x + 1788118. What is a(-20)?
-22
Let a(g) = 89*g - 2243. Calculate a(23).
-196
Let y(a) = -4022*a + 209154. What is y(52)?
10
Let s(t) = 401*t - 18656. Calculate s(47).
191
Let x(t) = -2*t**3 - 3*t**2 + 20607*t - 3. Calculate x(0).
-3
Let x(j) = 1653*j**2 + 1667*j + 15. Give x(-1).
1
Let j(f) = -3*f**2 - 115*f - 108. Determine j(-29).
704
Let q(d) = d**3 + 7*d**2 + 36*d + 135. Determine q(-10).
-525
Let i(s) = 5*s**2 - 214*s - 1029. What is i(49)?
490
Let k(a) = -2*a**3 - 5*a**2 + 197*a + 1067. What is k(-6)?
137
Let k(l) = -4*l**2 - 6520*l + 714015. Give k(-1733).
19
Let l(a) = a**2 + 220*a - 2804. Calculate l(13).
225
Let u(m) = 721*m + 39128. Determine u(-54).
194
Let z(o) = o**3 + 362*o**2 - 9266*o - 747. Give z(-386).
25
Let c(d) = 7*d**3 - 60*d**2 - 88*d + 58. Give c(10).
178
Let l(m) = m**2 - 14042*m + 3529213. Calculate l(256).
-3
Let w(t) = -17*t**2 - 2191*t - 42. What is w(-129)?
-300
Let o(r) = -r**2 - 149*r + 747. What is o(-149)?
747
Let o(g) = 7*g**2 + 306*g + 3231. Calculate o(-26).
7
Let s(k) = 4*k**3 + 9*k**2 + 6376*k + 19159. Calculate s(-3).
4
Let s(u) = 192*u**2 + 1057*u + 1058. Determine s(-1).
193
Let f(u) = -u**3 + 430*u**2 - 45306*u + 19712651. Calculate f(431).
4
Let q(a) = -670*a - 10716. What is q(-16)?
4
Let g(z) = -2*z**2 - 10198*z - 213265. Give g(-21).
11
Let b(g) = -29*g**2 - 5625*g - 267. Give b(-194).
-461
Let x(g) = 3*g**3 + 144*g**2 - 463*g - 183. Give x(-51).
21
Let r(d) = -d**3 - 65*d**2 + 201*d - 85. Determine r(-68).
119
Let j(q) = -7421*q - 54982. Determine j(-7).
-3035
Let w(p) = -2*p**3 + 679*p**2 + 126887*p - 1448. Calculate w(-134).
26
Let l(v) = -198*v**2 + 306*v - 17. What is l(2)?
-197
Let c(f) = -f**3 + 47*f**2 - 229*f + 1979. What is c(44)?
-2289
Let h(m) = -5*m**3 + 162*m**2 - 14*m - 1467. Give h(32).
133
Let g(b) = -b**3 - 76*b**2 + 41*b - 193. What is g(-77)?
2579
Let g(p) = p**3 - 5*p**2 + 249*p - 1478. Calculate g(6).
52
Let k(t) = -10*t**2 - 641*t - 2423. Give k(-4).
-19
Let n(b) = -4460*b - 9248. Calculate n(-2).
-328
Let t(x) = -44*x**3 + 3*x**2 - 11*x + 23. Give t(2).
-339
Let t(g) = 7956*g - 1201753. Give t(151).
-397
Let a(n) = 2889*n + 112755. What is a(-39)?
84
Let i(c) = 45*c**2 - 8131*c - 2533. Determine i(181).
1
Let a(i) = 44581*i + 178304. What is a(-4)?
-20
Let o(j) = 12*j**3 + 6*j**2 - 57*j - 236. What is o(-4)?
-680
Let z(a) = a**2 - 1116*a + 7741. Give z(7).
-22
Let o(z) = -z**3 + 3*z**2 - 87*z - 672. Give o(-8).
728
Let k(n) = -13078*n - 104641. What is k(-8)?
-17
Let v(g) = -g**3 + 788*g**2 - 17*g - 605997. What is v(787)?
-7
Let u(l) = -869*l + 15594. What is u(18)?
-48
Let d(j) = j**3 - 15*j**2 - 53*j - 131. Determine d(17).
-454
Let u(i) = 791*i**2 - 41146*i + 744. What is u(52)?
16
Let l(t) = 2*t**3 + 118*t**2 - 1543*t - 134. Give l(-70).
76
Let c(o) = o**3 - 150*o**2 + 1152*o - 126. Calculate c(8).
2
Let l(m) = 12*m**2 + 672*m + 1222. Calculate l(-54).
-74
Let h(x) = 2608*x - 303030. Calculate h(116).
-502
Let f(r) = -120*r + 1426. What is f(17)?
-614
Let x(l) = -370*l - 41818. Give x(-113).
-8
Let j(g) = 195*g - 1768. Determine j(15).
1157
Let x(o) = -1390*o**2 - 113978*o + 138. Determine x(-82).
-26
Let q(i) = 1299*i + 471780. Determine q(-363).
243
Let w(a) = -a**3 + 11*a**2 + 983*a + 9030. Calculate w(-9).
1803
Let a(z) = -1154*z + 22001. What is a(20)?
-1079
Let u(b) = -6*b**2 - 242*b + 11448. What is u(28)?
-32
Let v(j) = 4*j**2 - 100*j + 74. What is v(13)?
-550
Let f(b) = b**3 + 17*b**2 - 105*b - 462. Determine f(-3).
-21
Let a(y) = -y**2 - 865*y - 86240. Give a(-115).
10
Let v(z) = -11*z**2 - 72*z - 823. Calculate v(7).
-1866
Let p(y) = 2492*y - 9886. Give p(4).
82
Let j(a) = -a**3 + 72*a**2 + 527*a - 16827. Calculate j(76).
121
Let b(m) = -m**3 + 31*m**2 + 2348*m + 16292. Calculate b(-8).
4
Let p(h) = h**3 + 105*h**2 - 201*h + 1549. Give p(-107).
158
Let p(m) = m**3 + 5608*m**2 + 211661*m + 38. Determine p(-38).
0
Let x(m) = m**3 + 3*m**2 - 19*m + 24. Give x(-9).
-291
Let q(n) = -n**3 + 26*n**2 - 129*n - 93. What is q(17)?
315
Let f(w) = -2*w**3 - 181*w**2 + 39*w - 4419. Calculate f(-91).
313
Let y(p) = 8*p**2 + 4561*p + 13611. What is y(-3)?
0
Let v(h) = -h**3 - 39*h**2 - 403*h + 6. What is v(-21)?
531
Let w(j) = j**3 - 402*j**2 - 4138*j + 86. What is w(-10)?
266
Let y(i) = -i**3 - 164*i**2 - 318*i + 1033. Determine y(-162).
61
Let f(x) = x**2 + 7376*x + 191091. Determine f(-26).
-9
Let p(k) = 159*k - 16789. Give p(101).
-730
Let y(q) = 670*q**3 - 13*q**2 + 67*q + 130. Give y(-2).
-5416
Let z(a) = -1070*a - 7583. Give z(-7).
-93
Let g(h) = -9*h**2 - 475*h - 281. What is g(-26)?
5985
Let h(v) = -v**2 + 185606*v + 1484911. Give h(-8).
-1
Let f(z) = -z**3 + 35*z**2 + 49*z - 1717. Calculate f(-7).
-2
Let p(t) = 5185*t - 228182. Determine p(44).
-42
Let r(w) = -56*w**2 + 163*w + 8. Determine r(3).
-7
Let p(s) = -68*s**2 + 822*s - 280. Calculate p(13).
-1086
Let w(m) = -5714*m + 102834. Determine w(18).
-18
Let o(f) = f**2 + 3002*f + 77388. Determine o(-26).
12
Let u(l) = l**2 + 2297*l + 29707. Determine u(-13).
15
Let b(c) = -c**2 - 4443*c + 35615. Calculate b(8).
7
Let k(m) = 861*m + 154528. Calculate k(-180).
-452
Let h(l) = -4*l**2 - 1287*l + 5152. Give h(4).
-60
Let h(x) = 10*x**3 - 98*x**2 + 1821*x - 15735. Calculate h(9).
6
Let d(r) = 427555*r - 7695982. Determine d(18).
8
Let g(f) = 20*f**2 + 3588*f + 10761. What is g(-3)?
177
Let w(z) = -712*z - 2794. Determine w(-4).
54
Let z(d) = 43*d**2 + 3959*d - 3686. What is z(-93)?
34
Let p(q) = -27*q - 70. Calculate p(-44).
1118
Let x(h) = -748*h + 23300. Calculate x(30).
860
Let n(d) = -12*d**2 - 728*d - 10979. What is n(-28)?
-3
Let v(n) = -42277*n - 338190. Give v(-8).
26
Let f(u) = 20868*u**2 - 250421*u + 69. Give f(12).
9
Let x(d) = 2*d**3 + 138*d**2 + 973*d - 205. What is x(-61)?
-22
Let z(h) = -89*h - 2678. Calculate z(-25).
-453
Let k(q) = -4197*q - 30909. Give k(-7).
-1530
Let g(p) = -p**3 - 70*p**2 + 808*p - 58. What is g(10)?
22
Let k(z) = 358*z**2 + 7253*z - 5591. Determine k(-21).
-26
Let u(c) = 55984*c + 111950. Give u(-2).
-18
Let z(q) = -q**2 - 977*q - 37591. Give z(-38).
-1909
Let c(p) = -4002*p + 67943. Determine c(17).
-91
Let p(f) = -f**3 + 2*f**2 + 120*f - 83. What is p(10)?
317
Let r(i) = 78*i - 3436. Give r(60).
1244
Let d(b) = b**3 + 20*b**2 - 2215*b + 410. Determine d(38).
-8
Let h(q) = 526*q + 540200. What is h(-1027)?
-2
Let t(o) = -3*o**2 - 101*o - 344. Give t(-30).
-14
Let a(f) = -19*f**3 - 948*f**2 + 107*f + 351. Give a(-50).
1
Let u(k